t the prime factors of 135385.
5, 27077
What are the prime factors of 13687?
13687
List the prime factors of 30844.
2, 11, 701
List the prime factors of 1768.
2, 13, 17
What are the prime factors of 270?
2, 3, 5
List the prime factors of 6903.
3, 13, 59
What are the prime factors of 34085?
5, 17, 401
What are the prime factors of 48863?
131, 373
What are the prime factors of 93925?
5, 13, 17
List the prime factors of 2563.
11, 233
List the prime factors of 613.
613
What are the prime factors of 3954?
2, 3, 659
What are the prime factors of 13486?
2, 11, 613
List the prime factors of 3772.
2, 23, 41
List the prime factors of 4681.
31, 151
What are the prime factors of 1505?
5, 7, 43
What are the prime factors of 1331?
11
What are the prime factors of 2084?
2, 521
What are the prime factors of 81099?
3, 9011
List the prime factors of 17103.
3, 5701
List the prime factors of 33205.
5, 29, 229
What are the prime factors of 128069?
83, 1543
List the prime factors of 806.
2, 13, 31
List the prime factors of 41854.
2, 17, 1231
List the prime factors of 16419.
3, 13, 421
List the prime factors of 97749.
3, 10861
List the prime factors of 1146.
2, 3, 191
What are the prime factors of 1853?
17, 109
What are the prime factors of 25536?
2, 3, 7, 19
List the prime factors of 4239.
3, 157
List the prime factors of 1050.
2, 3, 5, 7
What are the prime factors of 43885?
5, 67, 131
What are the prime factors of 2251?
2251
What are the prime factors of 6427?
6427
List the prime factors of 37249.
193
List the prime factors of 5503.
5503
What are the prime factors of 138997?
29, 4793
What are the prime factors of 28984?
2, 3623
What are the prime factors of 18653?
23, 811
What are the prime factors of 13390?
2, 5, 13, 103
What are the prime factors of 694?
2, 347
List the prime factors of 65.
5, 13
What are the prime factors of 63484?
2, 59, 269
List the prime factors of 7109.
7109
List the prime factors of 1269.
3, 47
List the prime factors of 6187.
23, 269
List the prime factors of 8397.
3, 311
What are the prime factors of 1478?
2, 739
What are the prime factors of 29949?
3, 67, 149
What are the prime factors of 114?
2, 3, 19
What are the prime factors of 71663?
71663
List the prime factors of 126902.
2, 107, 593
What are the prime factors of 65231?
37, 41, 43
What are the prime factors of 15514?
2, 7757
What are the prime factors of 7942?
2, 11, 19
What are the prime factors of 36200?
2, 5, 181
List the prime factors of 31524.
2, 3, 37, 71
What are the prime factors of 4502?
2, 2251
List the prime factors of 8327.
11, 757
What are the prime factors of 9712?
2, 607
What are the prime factors of 9924?
2, 3, 827
What are the prime factors of 470?
2, 5, 47
What are the prime factors of 54099?
3, 6011
List the prime factors of 3816.
2, 3, 53
What are the prime factors of 68968?
2, 37, 233
What are the prime factors of 233?
233
What are the prime factors of 2775?
3, 5, 37
List the prime factors of 74297.
74297
List the prime factors of 21855.
3, 5, 31, 47
List the prime factors of 1108.
2, 277
List the prime factors of 7868.
2, 7, 281
List the prime factors of 1460.
2, 5, 73
List the prime factors of 1619.
1619
What are the prime factors of 5398?
2, 2699
What are the prime factors of 1109?
1109
What are the prime factors of 13530?
2, 3, 5, 11, 41
List the prime factors of 8380.
2, 5, 419
List the prime factors of 103967.
103967
What are the prime factors of 818?
2, 409
What are the prime factors of 60214?
2, 7, 11, 17, 23
What are the prime factors of 1025?
5, 41
List the prime factors of 6391.
7, 11, 83
What are the prime factors of 1871?
1871
What are the prime factors of 4974?
2, 3, 829
What are the prime factors of 4415?
5, 883
What are the prime factors of 166480?
2, 5, 2081
What are the prime factors of 194?
2, 97
What are the prime factors of 2507?
23, 109
What are the prime factors of 83056?
2, 29, 179
What are the prime factors of 7294?
2, 7, 521
What are the prime factors of 43531?
101, 431
What are the prime factors of 10048?
2, 157
List the prime factors of 2444.
2, 13, 47
List the prime factors of 2848.
2, 89
List the prime factors of 47556.
2, 3, 1321
What are the prime factors of 48?
2, 3
What are the prime factors of 56640?
2, 3, 5, 59
What are the prime factors of 65567?
173, 379
What are the prime factors of 101429?
101429
What are the prime factors of 75?
3, 5
What are the prime factors of 991?
991
List the prime factors of 877.
877
What are the prime factors of 1618?
2, 809
List the prime factors of 108416.
2, 7, 11
List the prime factors of 632.
2, 79
What are the prime factors of 939?
3, 313
List the prime factors of 130430.
2, 5, 13043
List the prime factors of 55518.
2, 3, 19, 487
What are the prime factors of 141?
3, 47
What are the prime factors of 232?
2, 29
What are the prime factors of 169730?
2, 5, 11, 1543
List the prime factors of 618.
2, 3, 103
What are the prime factors of 14231?
7, 19, 107
List the prime factors of 7822.
2, 3911
What are the prime factors of 70788?
2, 3, 17, 347
What are the prime factors of 3879?
3, 431
What are the prime factors of 8426?
2, 11, 383
List the prime factors of 72371.
13, 19, 293
List the prime factors of 2547.
3, 283
What are the prime factors of 14138?
2, 7069
List the prime factors of 195.
3, 5, 13
What are the prime factors of 1857?
3, 619
List the prime factors of 12508.
2, 53, 59
What are the prime factors of 4692?
2, 3, 17, 23
List the prime factors of 2016.
2, 3, 7
What are the prime factors of 34504?
2, 19, 227
What are the prime factors of 1347?
3, 449
What are the prime factors of 1824?
2, 3, 19
List the prime factors of 16822.
2, 13, 647
List the prime factors of 1442.
2, 7, 103
What are the prime factors of 30718?
2, 15359
List the prime factors of 2109.
3, 19, 37
What are the prime factors of 29649?
3, 9883
List the prime factors of 1867.
1867
What are the prime factors of 1871?
1871
List the prime factors of 11452.
2, 7, 409
List the prime factors of 1598.
2, 17, 47
What are the prime factors of 34126?
2, 113, 151
List the prime factors of 24034.
2, 61, 197
List the prime factors of 11037.
3, 13, 283
What are the prime factors of 56758?
2, 13, 37, 59
List the prime factors of 54492.
2, 3, 19, 239
What are the prime factors of 9167?
89, 103
What are the prime factors of 26756?
2, 6689
What are the prime factors of 2029?
2029
What are the prime factors of 963?
3, 107
List the prime factors of 29352.
2, 3, 1223
What are the prime factors of 507?
3, 13
List the prime factors of 27580.
2, 5, 7, 197
List the prime factors of 52543.
52543
List the prime factors of 3306.
2, 3, 19, 29
List the prime factors of 161732.
2, 40433
List the prime factors of 98042.
2, 7, 47, 149
What are the prime factors of 12683?
11, 1153
What are the prime factors of 1987?
1987
What are the prime factors of 3170?
2, 5, 317
List the prime factors of 19784.
2, 2473
What are the prime factors of 161855?
5, 32371
List the prime factors of 3640.
2, 5, 7, 13
What are the prime factors of 225?
3, 5
What are the prime factors of 4289?
4289
What are the prime factors of 2539?
2539
What are the prime factors of 447?
3, 149
What are the prime factors of 11978?
2, 53, 113
What are the prime factors of 5345?
5, 1069
List the prime factors of 1477.
7, 211
List the prime factors of 506.
2, 11, 23
List the prime factors of 52693.
23, 29, 79
What are the prime factors of 4367?
11, 397
What are the prime factors of 9743?
9743
What are the prime factors of 32094?
2, 3, 1783
List the prime factors of 45158.
2, 67, 337
What are the prime factors of 2462?
2, 1231
List the prime factors of 27549.
3, 3061
List the prime factors of 2904.
2, 3, 11
What are the prime factors of 624?
2, 3, 13
What are the prime factors of 1738?
2, 11, 79
List the prime factors of 32717.
32717
List the prime factors of 11015.
5, 2203
What are the prime factors of 2519?
11, 229
What are the prime factors of 34?
2, 17
List the prime factors of 63937.
17, 3761
What are the prime factors of 1489?
1489
List the prime factors of 67834.
2, 13, 2609
List the prime factors of 754.
2, 13, 29
List the prime factors of 56.
2, 7
List the prime factors of 708.
2, 3, 59
What are the prime factors of 5284?
2, 1321
List the prime factors of 2430.
2, 3, 5
What are the pri